{"id":4062,"date":"2026-02-01T19:52:24","date_gmt":"2026-02-01T16:52:24","guid":{"rendered":"https:\/\/pols.bilkent.edu.tr\/?page_id=4062"},"modified":"2026-02-25T15:16:50","modified_gmt":"2026-02-25T12:16:50","slug":"mezunlarimizdan","status":"publish","type":"page","link":"https:\/\/pols.bilkent.edu.tr\/index.php\/tr\/mezunlarimizdan\/","title":{"rendered":"Mezunlar\u0131m\u0131zdan"},"content":{"rendered":"\n<div class=\"wp-block-media-text alignwide is-stacked-on-mobile is-vertically-aligned-top\" style=\"grid-template-columns:35% auto\"><figure class=\"wp-block-media-text__media\"><img loading=\"lazy\" width=\"811\" height=\"805\" src=\"https:\/\/pols.bilkent.edu.tr\/wp-content\/uploads\/2026\/02\/Mezunlarimizdan-1.png\" alt=\"\" class=\"wp-image-4269 size-full\" srcset=\"https:\/\/pols.bilkent.edu.tr\/wp-content\/uploads\/2026\/02\/Mezunlarimizdan-1.png 811w, https:\/\/pols.bilkent.edu.tr\/wp-content\/uploads\/2026\/02\/Mezunlarimizdan-1-300x298.png 300w, https:\/\/pols.bilkent.edu.tr\/wp-content\/uploads\/2026\/02\/Mezunlarimizdan-1-150x150.png 150w, https:\/\/pols.bilkent.edu.tr\/wp-content\/uploads\/2026\/02\/Mezunlarimizdan-1-768x762.png 768w, https:\/\/pols.bilkent.edu.tr\/wp-content\/uploads\/2026\/02\/Mezunlarimizdan-1-55x55.png 55w, https:\/\/pols.bilkent.edu.tr\/wp-content\/uploads\/2026\/02\/Mezunlarimizdan-1-800x794.png 800w, https:\/\/pols.bilkent.edu.tr\/wp-content\/uploads\/2026\/02\/Mezunlarimizdan-1-580x576.png 580w\" sizes=\"(max-width: 811px) 100vw, 811px\" \/><\/figure><div class=\"wp-block-media-text__content\">\n<p><strong>Ay\u015fe Durako\u011flu (2016 Lisans, 2019 Y\u00fcksek Lisans Mezunu), Syracuse \u00dcniversitesi&#8217;nde Doktora Aday\u0131<\/strong><br>&#8220;Bilkent Siyaset Bilimi, kapsaml\u0131 m\u00fcfredat\u0131, renkli interdisipliner kadrosu ve sistemli bir \u015fekilde kazand\u0131rd\u0131\u011f\u0131 analitik ve ele\u015ftirel d\u00fc\u015f\u00fcnme, ara\u015ft\u0131rma, yazma gibi becerilerle sosyal bilimlere dair geni\u015f bir perspektife sahip olmam\u0131 sa\u011flad\u0131. Akademinin bir par\u00e7as\u0131 olma iste\u011fimin temelinde Bilkent kamp\u00fcs\u00fcn\u00fcn akademik ve sosyal zenginli\u011fi ile a\u015f\u0131lad\u0131\u011f\u0131 akademik k\u00fclt\u00fcr ve entelekt\u00fcel vizyon yatmaktad\u0131r. Bu anlamda Bilkent benim i\u00e7in hem akademik hem ki\u015fisel geli\u015fim a\u00e7\u0131s\u0131ndan her zaman \u00f6nemli bir referans noktas\u0131d\u0131r.&#8221;<\/p>\n<\/div><\/div>\n\n\n\n<div style=\"height:50px\" aria-hidden=\"true\" class=\"wp-block-spacer\"><\/div>\n\n\n\n<div class=\"wp-block-media-text alignwide is-stacked-on-mobile is-vertically-aligned-top\" style=\"grid-template-columns:35% auto\"><figure class=\"wp-block-media-text__media\"><img loading=\"lazy\" width=\"804\" height=\"809\" src=\"https:\/\/pols.bilkent.edu.tr\/wp-content\/uploads\/2026\/02\/Mezunlarimizdan.png\" alt=\"\" class=\"wp-image-4218 size-full\" srcset=\"https:\/\/pols.bilkent.edu.tr\/wp-content\/uploads\/2026\/02\/Mezunlarimizdan.png 804w, https:\/\/pols.bilkent.edu.tr\/wp-content\/uploads\/2026\/02\/Mezunlarimizdan-298x300.png 298w, https:\/\/pols.bilkent.edu.tr\/wp-content\/uploads\/2026\/02\/Mezunlarimizdan-150x150.png 150w, https:\/\/pols.bilkent.edu.tr\/wp-content\/uploads\/2026\/02\/Mezunlarimizdan-768x773.png 768w, https:\/\/pols.bilkent.edu.tr\/wp-content\/uploads\/2026\/02\/Mezunlarimizdan-55x55.png 55w, https:\/\/pols.bilkent.edu.tr\/wp-content\/uploads\/2026\/02\/Mezunlarimizdan-800x805.png 800w, https:\/\/pols.bilkent.edu.tr\/wp-content\/uploads\/2026\/02\/Mezunlarimizdan-580x584.png 580w\" sizes=\"(max-width: 804px) 100vw, 804px\" \/><\/figure><div class=\"wp-block-media-text__content\">\n<p><strong>Bar\u0131\u015f \u00c7ayl\u0131 Messina (2007 Mezunu), Lincoln \u00dcniversitesi&#8217;nde Do\u00e7ent<\/strong><br>&#8220;Bilkent Siyaset Bilimi b\u00f6l\u00fcm\u00fcn\u00fcn bana katt\u0131\u011f\u0131 en \u00f6nemli \u015fey, b\u00fcy\u00fck sorular\u0131 sormaktan \u00e7ekinmemeyi \u00f6\u011frenmek oldu. \u00d6\u011fretim \u00fcyelerinin rehberli\u011finde edindi\u011fim g\u00fc\u00e7l\u00fc teorik altyap\u0131 ve uluslararas\u0131 perspektif, bug\u00fcn \u0130ngiltere&#8217;de Lincoln \u00dcniversitesi&#8217;nde do\u00e7ent olarak s\u00fcrd\u00fcrd\u00fc\u011f\u00fcm kariyerin temel ta\u015f\u0131d\u0131r. Bilkent, d\u00fcnya standartlar\u0131nda bir e\u011fitimle \u00f6\u011frencilerini gelece\u011fe haz\u0131rlayan ger\u00e7ek anlamda uluslararas\u0131 bir kurumdur.&#8221;<\/p>\n<\/div><\/div>\n\n\n\n<div style=\"height:50px\" aria-hidden=\"true\" class=\"wp-block-spacer\"><\/div>\n\n\n\n<div class=\"wp-block-media-text alignwide is-stacked-on-mobile is-vertically-aligned-top\" style=\"grid-template-columns:35% auto\"><figure class=\"wp-block-media-text__media\"><img loading=\"lazy\" width=\"802\" height=\"802\" src=\"https:\/\/pols.bilkent.edu.tr\/wp-content\/uploads\/2026\/02\/2.png\" alt=\"\" class=\"wp-image-4045 size-full\" srcset=\"https:\/\/pols.bilkent.edu.tr\/wp-content\/uploads\/2026\/02\/2.png 802w, https:\/\/pols.bilkent.edu.tr\/wp-content\/uploads\/2026\/02\/2-300x300.png 300w, https:\/\/pols.bilkent.edu.tr\/wp-content\/uploads\/2026\/02\/2-150x150.png 150w, https:\/\/pols.bilkent.edu.tr\/wp-content\/uploads\/2026\/02\/2-768x768.png 768w, https:\/\/pols.bilkent.edu.tr\/wp-content\/uploads\/2026\/02\/2-55x55.png 55w, https:\/\/pols.bilkent.edu.tr\/wp-content\/uploads\/2026\/02\/2-800x800.png 800w, https:\/\/pols.bilkent.edu.tr\/wp-content\/uploads\/2026\/02\/2-580x580.png 580w\" sizes=\"(max-width: 802px) 100vw, 802px\" \/><\/figure><div class=\"wp-block-media-text__content\">\n<p><strong>Berfin Baydar (2020 Mezunu), Duke \u00dcniversitesi&#8217;nde Doktora Aday\u0131 (ABD)<\/strong><br>&#8220;Bilkent\u2019te ge\u00e7irdi\u011fim y\u0131llar, akademik merak\u0131m\u0131 besleyen ve ele\u015ftirel d\u00fc\u015f\u00fcnme becerilerimi geli\u015ftiren bir ortamda kendimi ke\u015ffetmemi sa\u011flad\u0131. Farkl\u0131 alanlarda ald\u0131\u011f\u0131m dersler sayesinde ilgi duydu\u011fum konular\u0131 derinlemesine deneyimleme ve kendi akademik y\u00f6n\u00fcm\u00fc \u015fekillendirme f\u0131rsat\u0131 buldum. Bu \u00e7ok y\u00f6nl\u00fc e\u011fitim ve g\u00fc\u00e7l\u00fc akademik altyap\u0131, akademiye olan ilgimi kal\u0131c\u0131 bir kariyer hedefine d\u00f6n\u00fc\u015ft\u00fcrmemi sa\u011flad\u0131 ve doktora \u00e7al\u0131\u015fmalar\u0131m\u0131n temelini olu\u015fturdu.&#8221;<\/p>\n<\/div><\/div>\n\n\n\n<div style=\"height:50px\" aria-hidden=\"true\" class=\"wp-block-spacer\"><\/div>\n\n\n\n<div class=\"wp-block-media-text alignwide is-stacked-on-mobile is-vertically-aligned-top\" style=\"grid-template-columns:35% auto\"><figure class=\"wp-block-media-text__media\"><img loading=\"lazy\" width=\"802\" height=\"803\" src=\"https:\/\/pols.bilkent.edu.tr\/wp-content\/uploads\/2026\/02\/1.png\" alt=\"\" class=\"wp-image-4046 size-full\" srcset=\"https:\/\/pols.bilkent.edu.tr\/wp-content\/uploads\/2026\/02\/1.png 802w, https:\/\/pols.bilkent.edu.tr\/wp-content\/uploads\/2026\/02\/1-300x300.png 300w, https:\/\/pols.bilkent.edu.tr\/wp-content\/uploads\/2026\/02\/1-150x150.png 150w, https:\/\/pols.bilkent.edu.tr\/wp-content\/uploads\/2026\/02\/1-768x769.png 768w, https:\/\/pols.bilkent.edu.tr\/wp-content\/uploads\/2026\/02\/1-55x55.png 55w, https:\/\/pols.bilkent.edu.tr\/wp-content\/uploads\/2026\/02\/1-800x801.png 800w, https:\/\/pols.bilkent.edu.tr\/wp-content\/uploads\/2026\/02\/1-580x581.png 580w\" sizes=\"(max-width: 802px) 100vw, 802px\" \/><\/figure><div class=\"wp-block-media-text__content\">\n<p><strong>\u00dcmit Erol Aras (2021 Mezunu), T\u00fcbingen \u00dcniversitesi&#8217;nde Ara\u015ft\u0131rma G\u00f6revlisi<\/strong><br>&#8220;Bilkent Siyaset Bilimi ve Kamu Y\u00f6netimi b\u00f6l\u00fcm\u00fc benim i\u00e7in pek \u00e7ok &nbsp;a\u00e7\u0131dan d\u00fcnyaya a\u00e7\u0131lan bir kap\u0131 oldu. Edindi\u011fim akademik e\u011fitim ve &nbsp;entelekt\u00fcel birikim, T\u00fcrkiye\u2019de ve d\u00fcnyan\u0131n pek \u00e7ok yerinde ya\u015fanan &nbsp;geli\u015fmeleri derinlemesine anlamam\u0131 ve yorumlamam\u0131 sa\u011flamakla kalmay\u0131p, &nbsp;bunlar\u0131 felsefi ve teorik analizlere d\u00f6kme becerisi de kazand\u0131rd\u0131.&#8221;<\/p>\n<\/div><\/div>\n","protected":false},"excerpt":{"rendered":"<p>Ay\u015fe Durako\u011flu (2016 Lisans, 2019 Y\u00fcksek Lisans Mezunu), Syracuse \u00dcniversitesi&#8217;nde Doktora Aday\u0131&#8220;Bilkent Siyaset Bilimi, kapsaml\u0131 m\u00fcfredat\u0131, renkli interdisipliner kadrosu ve sistemli bir \u015fekilde kazand\u0131rd\u0131\u011f\u0131 analitik ve ele\u015ftirel d\u00fc\u015f\u00fcnme, ara\u015ft\u0131rma, yazma gibi becerilerle sosyal bilimlere dair geni\u015f bir perspektife sahip olmam\u0131 sa\u011flad\u0131. Akademinin bir par\u00e7as\u0131 olma iste\u011fimin temelinde Bilkent kamp\u00fcs\u00fcn\u00fcn akademik [\u2026] <\/p>\n<div class=\"clear\"><\/div>\n<p><a class=\"more_link clearfix\" href=\"https:\/\/pols.bilkent.edu.tr\/index.php\/tr\/mezunlarimizdan\/\" rel=\"nofollow\">Read More<\/a><\/p>\n","protected":false},"author":1,"featured_media":0,"parent":0,"menu_order":0,"comment_status":"closed","ping_status":"closed","template":"","meta":[],"_links":{"self":[{"href":"https:\/\/pols.bilkent.edu.tr\/index.php\/wp-json\/wp\/v2\/pages\/4062"}],"collection":[{"href":"https:\/\/pols.bilkent.edu.tr\/index.php\/wp-json\/wp\/v2\/pages"}],"about":[{"href":"https:\/\/pols.bilkent.edu.tr\/index.php\/wp-json\/wp\/v2\/types\/page"}],"author":[{"embeddable":true,"href":"https:\/\/pols.bilkent.edu.tr\/index.php\/wp-json\/wp\/v2\/users\/1"}],"replies":[{"embeddable":true,"href":"https:\/\/pols.bilkent.edu.tr\/index.php\/wp-json\/wp\/v2\/comments?post=4062"}],"version-history":[{"count":5,"href":"https:\/\/pols.bilkent.edu.tr\/index.php\/wp-json\/wp\/v2\/pages\/4062\/revisions"}],"predecessor-version":[{"id":4271,"href":"https:\/\/pols.bilkent.edu.tr\/index.php\/wp-json\/wp\/v2\/pages\/4062\/revisions\/4271"}],"wp:attachment":[{"href":"https:\/\/pols.bilkent.edu.tr\/index.php\/wp-json\/wp\/v2\/media?parent=4062"}],"curies":[{"name":"wp","href":"https:\/\/api.w.org\/{rel}","templated":true}]}}