{"id":3527,"date":"2025-06-27T12:11:54","date_gmt":"2025-06-27T09:11:54","guid":{"rendered":"https:\/\/pols.bilkent.edu.tr\/?page_id=3527"},"modified":"2025-06-27T14:01:40","modified_gmt":"2025-06-27T11:01:40","slug":"bilkent-pols-mentorship-network-2","status":"publish","type":"page","link":"https:\/\/pols.bilkent.edu.tr\/index.php\/tr\/bilkent-pols-mentorship-network-2\/","title":{"rendered":"Bilkent POLS Mentorship Network"},"content":{"rendered":"\n<div class=\"wp-block-media-text alignwide is-stacked-on-mobile\"><figure class=\"wp-block-media-text__media\"><img loading=\"lazy\" width=\"1024\" height=\"1024\" src=\"https:\/\/pols.bilkent.edu.tr\/wp-content\/uploads\/2025\/06\/MENTORSHIP-NETWORK-2-1024x1024.png\" alt=\"\" class=\"wp-image-3528 size-full\" srcset=\"https:\/\/pols.bilkent.edu.tr\/wp-content\/uploads\/2025\/06\/MENTORSHIP-NETWORK-2-1024x1024.png 1024w, https:\/\/pols.bilkent.edu.tr\/wp-content\/uploads\/2025\/06\/MENTORSHIP-NETWORK-2-300x300.png 300w, https:\/\/pols.bilkent.edu.tr\/wp-content\/uploads\/2025\/06\/MENTORSHIP-NETWORK-2-150x150.png 150w, https:\/\/pols.bilkent.edu.tr\/wp-content\/uploads\/2025\/06\/MENTORSHIP-NETWORK-2-768x768.png 768w, https:\/\/pols.bilkent.edu.tr\/wp-content\/uploads\/2025\/06\/MENTORSHIP-NETWORK-2-55x55.png 55w, https:\/\/pols.bilkent.edu.tr\/wp-content\/uploads\/2025\/06\/MENTORSHIP-NETWORK-2-800x800.png 800w, https:\/\/pols.bilkent.edu.tr\/wp-content\/uploads\/2025\/06\/MENTORSHIP-NETWORK-2-580x580.png 580w, https:\/\/pols.bilkent.edu.tr\/wp-content\/uploads\/2025\/06\/MENTORSHIP-NETWORK-2.png 1080w\" sizes=\"(max-width: 1024px) 100vw, 1024px\" \/><\/figure><div class=\"wp-block-media-text__content\">\n<p>Bilkent POLS Mentorship Network, mevcut Siyaset Bilimi ve Kamu Y\u00f6netimi \u00f6\u011frencilerini farkl\u0131 sekt\u00f6rlerden ba\u015far\u0131l\u0131 mezunlarla bulu\u015fturan yap\u0131land\u0131r\u0131lm\u0131\u015f bir rehberlik program\u0131d\u0131r. Ama\u00e7, mesleki geli\u015fimi desteklemek, kariyere dair i\u00e7 g\u00f6r\u00fcler payla\u015fmak ve \u00f6\u011frenciler ile mezunlar aras\u0131ndaki ba\u011f\u0131 g\u00fc\u00e7lendirmektir.<\/p>\n\n\n\n<p><\/p>\n<\/div><\/div>\n\n\n\n<h3>Program Hakk\u0131nda<\/h3>\n\n\n\n<p>B\u00f6l\u00fcm \u00f6\u011frenci temsilcisi Cevdet Cem K\u0131l\u0131n\u00e7 taraf\u0131ndan ba\u015flat\u0131lan ve koordine edilen Mentorluk A\u011f\u0131, g\u00f6n\u00fcll\u00fc mezun ment\u00f6rlerle \u00f6\u011frenci menteeler aras\u0131nda birebir mentorluk g\u00f6r\u00fc\u015fmeleri sunar. Her e\u015fle\u015fmenin, akademik y\u0131l boyunca \u00e7evrim i\u00e7i ya da y\u00fcz y\u00fcze olmak \u00fczere, imk\u00e2n ve konumlar\u0131na g\u00f6re d\u00fczenli olarak g\u00f6r\u00fc\u015fmeleri te\u015fvik edilir.<\/p>\n\n\n\n<p>Bu giri\u015fim, Siyaset Bilimi ve Kamu Y\u00f6netimi B\u00f6l\u00fcm\u00fc taraf\u0131ndan desteklenmekte ve Bilkent Kariyer ve Mezunlarla \u0130leti\u015fim Ofisi i\u015f birli\u011fiyle y\u00fcr\u00fct\u00fclmektedir. Program arac\u0131l\u0131\u011f\u0131yla \u00f6\u011frenciler, ki\u015fiye \u00f6zel kariyer tavsiyeleri almakta, alandaki ki\u015fisel deneyimleri dinleme f\u0131rsat\u0131 bulmakta ve uzun vadeli profesyonel ba\u011flant\u0131lar kurmaktad\u0131r.<\/p>\n\n\n\n<figure class=\"wp-block-image size-large\"><img loading=\"lazy\" width=\"1024\" height=\"576\" src=\"https:\/\/pols.bilkent.edu.tr\/wp-content\/uploads\/2025\/06\/image-1024x576.png\" alt=\"\" class=\"wp-image-3529\" srcset=\"https:\/\/pols.bilkent.edu.tr\/wp-content\/uploads\/2025\/06\/image-1024x576.png 1024w, https:\/\/pols.bilkent.edu.tr\/wp-content\/uploads\/2025\/06\/image-300x169.png 300w, https:\/\/pols.bilkent.edu.tr\/wp-content\/uploads\/2025\/06\/image-768x432.png 768w, https:\/\/pols.bilkent.edu.tr\/wp-content\/uploads\/2025\/06\/image-98x55.png 98w, https:\/\/pols.bilkent.edu.tr\/wp-content\/uploads\/2025\/06\/image-800x450.png 800w, https:\/\/pols.bilkent.edu.tr\/wp-content\/uploads\/2025\/06\/image-270x152.png 270w, https:\/\/pols.bilkent.edu.tr\/wp-content\/uploads\/2025\/06\/image-580x326.png 580w, https:\/\/pols.bilkent.edu.tr\/wp-content\/uploads\/2025\/06\/image.png 1536w\" sizes=\"(max-width: 1024px) 100vw, 1024px\" \/><figcaption>\u0130lk Mentee E\u011fitimi | Tarih: 29.04.2025<\/figcaption><\/figure>\n\n\n\n<h3>Program Nas\u0131l \u0130\u015fliyor?<\/h3>\n\n\n\n<ul><li>\u00d6\u011frenciler ve mezunlar, mesleki ilgi alanlar\u0131, hedefleri ve ortak ge\u00e7mi\u015fleri do\u011frultusunda e\u015fle\u015ftirilir.<\/li><li>Hem ment\u00f6rlere hem de menteelere, programdan en iyi \u015fekilde faydalanabilmeleri i\u00e7in k\u0131sa bir oryantasyon sunulur.<\/li><li>Her ment\u00f6r-mentee e\u015fle\u015fmesinin, akademik y\u0131l boyunca en az be\u015f kez g\u00f6r\u00fc\u015fmesi beklenir.<\/li><li>Birebir g\u00f6r\u00fc\u015fmelere ek olarak, program kapsam\u0131nda se\u00e7ilmi\u015f mezunlar\u0131n kat\u0131l\u0131m\u0131yla \u00f6zel \u00e7evrim i\u00e7i s\u00f6yle\u015filer ve a\u011f kurma etkinlikleri d\u00fczenlenir.<\/li><\/ul>\n\n\n\n<h3>Temel Faydalar<\/h3>\n\n\n\n<ul><li><strong><strong>\u00d6\u011frenciler i\u00e7in:<\/strong> <\/strong>Kariyer yollar\u0131na dair i\u00e7eriden bilgi edinme, ileti\u015fim ve planlama becerilerini geli\u015ftirme, profesyonel \u00f6zg\u00fcven kazanma.<\/li><li><strong><strong>Mezunlar i\u00e7in:<\/strong> <\/strong>Bilkent ile ba\u011flar\u0131n\u0131 s\u00fcrd\u00fcrme, toplulu\u011fa katk\u0131 sa\u011flama ve yeni nesil profesyonellere destek olma.<\/li><\/ul>\n\n\n\n<figure class=\"wp-block-image size-large\"><img loading=\"lazy\" width=\"1024\" height=\"534\" src=\"https:\/\/pols.bilkent.edu.tr\/wp-content\/uploads\/2025\/06\/image-1-1024x534.png\" alt=\"\" class=\"wp-image-3530\" srcset=\"https:\/\/pols.bilkent.edu.tr\/wp-content\/uploads\/2025\/06\/image-1-1024x534.png 1024w, https:\/\/pols.bilkent.edu.tr\/wp-content\/uploads\/2025\/06\/image-1-300x156.png 300w, https:\/\/pols.bilkent.edu.tr\/wp-content\/uploads\/2025\/06\/image-1-768x400.png 768w, https:\/\/pols.bilkent.edu.tr\/wp-content\/uploads\/2025\/06\/image-1-106x55.png 106w, https:\/\/pols.bilkent.edu.tr\/wp-content\/uploads\/2025\/06\/image-1-800x417.png 800w, https:\/\/pols.bilkent.edu.tr\/wp-content\/uploads\/2025\/06\/image-1-580x302.png 580w, https:\/\/pols.bilkent.edu.tr\/wp-content\/uploads\/2025\/06\/image-1.png 1366w\" sizes=\"(max-width: 1024px) 100vw, 1024px\" \/><figcaption>Mezun Mentorlar\u0131m\u0131z\u0131n Bulu\u015fmas\u0131 | Tarih: 17.04.2025<\/figcaption><\/figure>\n\n\n\n<h3><strong>E<\/strong>tkinlikler ve Faaliyetler<\/h3>\n\n\n\n<p>Program kapsam\u0131nda \u015funlar yer almaktad\u0131r:<\/p>\n\n\n\n<ul><li>Mezun Sohbetleri ve Kariyer Bulu\u015fmalar\u0131<\/li><li>Mentorluk Oryantasyon At\u00f6lyeleri<\/li><li>\u00c7evrim i\u00e7i ve Y\u00fcz Y\u00fcze A\u011f Kurma Etkinlikleri<\/li><li>Ment\u00f6r-Mentee Ba\u015far\u0131 Hik\u00e2yelerine \u00d6zel Payla\u015f\u0131mlar<\/li><\/ul>\n\n\n\n<h2>Aram\u0131za Kat\u0131l\u0131n<\/h2>\n\n\n\n<p>Ment\u00f6r ve mentee ba\u015fvurular\u0131, hem g\u00fcz hem de bahar d\u00f6nemlerinde al\u0131nmaktad\u0131r. Programa kat\u0131lmak isteyen mezunlar ve \u00f6\u011frenciler, b\u00f6l\u00fcm duyurular\u0131n\u0131 takip ederek veya do\u011frudan program koordinat\u00f6r\u00fcyle ileti\u015fime ge\u00e7erek ba\u015fvuru yapabilirler.<\/p>\n\n\n\n<p>Ment\u00f6r Ba\u015fvuru Formu: <a rel=\"noreferrer noopener\" href=\"https:\/\/forms.gle\/VGJb9yUzggq1GAtz5\" target=\"_blank\">https:\/\/forms.gle\/VGJb9yUzggq1GAtz5<\/a><a href=\"https:\/\/pols.bilkent.edu.tr\/wp-admin\/post.php?post=3510&amp;action=edit\">Edit<\/a><\/p>\n","protected":false},"excerpt":{"rendered":"<p>Bilkent POLS Mentorship Network, mevcut Siyaset Bilimi ve Kamu Y\u00f6netimi \u00f6\u011frencilerini farkl\u0131 sekt\u00f6rlerden ba\u015far\u0131l\u0131 mezunlarla bulu\u015fturan yap\u0131land\u0131r\u0131lm\u0131\u015f bir rehberlik program\u0131d\u0131r. Ama\u00e7, mesleki geli\u015fimi desteklemek, kariyere dair i\u00e7 g\u00f6r\u00fcler payla\u015fmak ve \u00f6\u011frenciler ile mezunlar aras\u0131ndaki ba\u011f\u0131 g\u00fc\u00e7lendirmektir. Program Hakk\u0131nda B\u00f6l\u00fcm \u00f6\u011frenci temsilcisi Cevdet Cem K\u0131l\u0131n\u00e7 taraf\u0131ndan ba\u015flat\u0131lan ve koordine edilen Mentorluk [\u2026] <\/p>\n<div class=\"clear\"><\/div>\n<p><a class=\"more_link clearfix\" href=\"https:\/\/pols.bilkent.edu.tr\/index.php\/tr\/bilkent-pols-mentorship-network-2\/\" rel=\"nofollow\">Read More<\/a><\/p>\n","protected":false},"author":1,"featured_media":0,"parent":0,"menu_order":0,"comment_status":"closed","ping_status":"closed","template":"","meta":[],"_links":{"self":[{"href":"https:\/\/pols.bilkent.edu.tr\/index.php\/wp-json\/wp\/v2\/pages\/3527"}],"collection":[{"href":"https:\/\/pols.bilkent.edu.tr\/index.php\/wp-json\/wp\/v2\/pages"}],"about":[{"href":"https:\/\/pols.bilkent.edu.tr\/index.php\/wp-json\/wp\/v2\/types\/page"}],"author":[{"embeddable":true,"href":"https:\/\/pols.bilkent.edu.tr\/index.php\/wp-json\/wp\/v2\/users\/1"}],"replies":[{"embeddable":true,"href":"https:\/\/pols.bilkent.edu.tr\/index.php\/wp-json\/wp\/v2\/comments?post=3527"}],"version-history":[{"count":2,"href":"https:\/\/pols.bilkent.edu.tr\/index.php\/wp-json\/wp\/v2\/pages\/3527\/revisions"}],"predecessor-version":[{"id":3537,"href":"https:\/\/pols.bilkent.edu.tr\/index.php\/wp-json\/wp\/v2\/pages\/3527\/revisions\/3537"}],"wp:attachment":[{"href":"https:\/\/pols.bilkent.edu.tr\/index.php\/wp-json\/wp\/v2\/media?parent=3527"}],"curies":[{"name":"wp","href":"https:\/\/api.w.org\/{rel}","templated":true}]}}