{"id":2710,"date":"2024-03-11T17:20:53","date_gmt":"2024-03-11T14:20:53","guid":{"rendered":"https:\/\/pols.bilkent.edu.tr\/?page_id=2710"},"modified":"2025-11-08T10:33:56","modified_gmt":"2025-11-08T07:33:56","slug":"pols-agora","status":"publish","type":"page","link":"https:\/\/pols.bilkent.edu.tr\/index.php\/tr\/pols-agora\/","title":{"rendered":"POLS Agora"},"content":{"rendered":"\n<div class=\"wp-block-media-text alignwide is-stacked-on-mobile\" style=\"grid-template-columns:30% auto\"><figure class=\"wp-block-media-text__media\"><img loading=\"lazy\" width=\"724\" height=\"1024\" src=\"https:\/\/pols.bilkent.edu.tr\/wp-content\/uploads\/2025\/10\/ege-erkocak-pols-agora-acdam-724x1024.jpg\" alt=\"\" class=\"wp-image-3803 size-full\" srcset=\"https:\/\/pols.bilkent.edu.tr\/wp-content\/uploads\/2025\/10\/ege-erkocak-pols-agora-acdam-724x1024.jpg 724w, https:\/\/pols.bilkent.edu.tr\/wp-content\/uploads\/2025\/10\/ege-erkocak-pols-agora-acdam-212x300.jpg 212w, https:\/\/pols.bilkent.edu.tr\/wp-content\/uploads\/2025\/10\/ege-erkocak-pols-agora-acdam-768x1086.jpg 768w, https:\/\/pols.bilkent.edu.tr\/wp-content\/uploads\/2025\/10\/ege-erkocak-pols-agora-acdam-1086x1536.jpg 1086w, https:\/\/pols.bilkent.edu.tr\/wp-content\/uploads\/2025\/10\/ege-erkocak-pols-agora-acdam-39x55.jpg 39w, https:\/\/pols.bilkent.edu.tr\/wp-content\/uploads\/2025\/10\/ege-erkocak-pols-agora-acdam-800x1132.jpg 800w, https:\/\/pols.bilkent.edu.tr\/wp-content\/uploads\/2025\/10\/ege-erkocak-pols-agora-acdam-580x821.jpg 580w, https:\/\/pols.bilkent.edu.tr\/wp-content\/uploads\/2025\/10\/ege-erkocak-pols-agora-acdam.jpg 1131w\" sizes=\"(max-width: 724px) 100vw, 724px\" \/><\/figure><div class=\"wp-block-media-text__content\">\n<p><strong>Konu\u015fma: <\/strong>Cumhuriyetin Y\u00fcz\u00fcnc\u00fc Y\u0131l\u0131nda Kamu Politikas\u0131 Kapasitesi: ABGS&#8217;den AB Ba\u015fkanl\u0131\u011f\u0131na<\/p>\n\n\n\n<p><strong>Konu\u015fmac\u0131:<\/strong> Ege Erko\u00e7ak, D\u0131\u015fi\u015fleri Bakanl\u0131\u011f\u0131 Avrupa Birli\u011fi ile \u0130li\u015fkiler Genel M\u00fcd\u00fcrl\u00fc\u011f\u00fc  <\/p>\n\n\n\n<p><strong>Tarih &amp; Zaman:<\/strong> 23 Ekim 2025, 12:30<br><strong>Yer: <\/strong>A-129B<\/p>\n<\/div><\/div>\n\n\n\n<div style=\"height:100px\" aria-hidden=\"true\" class=\"wp-block-spacer\"><\/div>\n\n\n\n<div class=\"wp-block-media-text alignwide is-stacked-on-mobile\" style=\"grid-template-columns:30% auto\"><figure class=\"wp-block-media-text__media\"><img loading=\"lazy\" width=\"724\" height=\"1024\" src=\"https:\/\/pols.bilkent.edu.tr\/wp-content\/uploads\/2024\/11\/pols-agora2-1-724x1024.jpg\" alt=\"\" class=\"wp-image-3090 size-full\" srcset=\"https:\/\/pols.bilkent.edu.tr\/wp-content\/uploads\/2024\/11\/pols-agora2-1-724x1024.jpg 724w, https:\/\/pols.bilkent.edu.tr\/wp-content\/uploads\/2024\/11\/pols-agora2-1-212x300.jpg 212w, https:\/\/pols.bilkent.edu.tr\/wp-content\/uploads\/2024\/11\/pols-agora2-1-768x1086.jpg 768w, https:\/\/pols.bilkent.edu.tr\/wp-content\/uploads\/2024\/11\/pols-agora2-1-1086x1536.jpg 1086w, https:\/\/pols.bilkent.edu.tr\/wp-content\/uploads\/2024\/11\/pols-agora2-1-39x55.jpg 39w, https:\/\/pols.bilkent.edu.tr\/wp-content\/uploads\/2024\/11\/pols-agora2-1-800x1132.jpg 800w, https:\/\/pols.bilkent.edu.tr\/wp-content\/uploads\/2024\/11\/pols-agora2-1-580x821.jpg 580w, https:\/\/pols.bilkent.edu.tr\/wp-content\/uploads\/2024\/11\/pols-agora2-1.jpg 1131w\" sizes=\"(max-width: 724px) 100vw, 724px\" \/><\/figure><div class=\"wp-block-media-text__content\">\n<p><strong>Konu\u015fma: <\/strong>ABD Se\u00e7imlerinden Ne \u00d6\u011frendik?<\/p>\n\n\n\n<p><strong>Konu\u015fmac\u0131lar:<\/strong> Ersel Ayd\u0131nl\u0131, \u00d6zg\u00fcr \u00d6zdamar, Ioannis Grigoriadis, Meral U\u011fur \u00c7\u0131nar, Se\u00e7kin K\u00f6stem, Kerem Y\u0131ld\u0131r\u0131m<\/p>\n\n\n\n<p><strong>Tarih ve Zaman:<\/strong> 11 Kas\u0131m 2024, Pazartesi, 16:30<br><strong>Yer: <\/strong>A-130<\/p>\n<\/div><\/div>\n\n\n\n<div style=\"height:100px\" aria-hidden=\"true\" class=\"wp-block-spacer\"><\/div>\n\n\n\n<div class=\"wp-block-media-text alignwide is-stacked-on-mobile\" style=\"grid-template-columns:30% auto\"><figure class=\"wp-block-media-text__media\"><img loading=\"lazy\" width=\"724\" height=\"1024\" src=\"https:\/\/pols.bilkent.edu.tr\/wp-content\/uploads\/2024\/11\/pols-agora1-1-724x1024.jpg\" alt=\"\" class=\"wp-image-3086 size-full\" srcset=\"https:\/\/pols.bilkent.edu.tr\/wp-content\/uploads\/2024\/11\/pols-agora1-1-724x1024.jpg 724w, https:\/\/pols.bilkent.edu.tr\/wp-content\/uploads\/2024\/11\/pols-agora1-1-212x300.jpg 212w, https:\/\/pols.bilkent.edu.tr\/wp-content\/uploads\/2024\/11\/pols-agora1-1-768x1086.jpg 768w, https:\/\/pols.bilkent.edu.tr\/wp-content\/uploads\/2024\/11\/pols-agora1-1-1086x1536.jpg 1086w, https:\/\/pols.bilkent.edu.tr\/wp-content\/uploads\/2024\/11\/pols-agora1-1-39x55.jpg 39w, https:\/\/pols.bilkent.edu.tr\/wp-content\/uploads\/2024\/11\/pols-agora1-1-800x1132.jpg 800w, https:\/\/pols.bilkent.edu.tr\/wp-content\/uploads\/2024\/11\/pols-agora1-1-580x821.jpg 580w, https:\/\/pols.bilkent.edu.tr\/wp-content\/uploads\/2024\/11\/pols-agora1-1.jpg 1131w\" sizes=\"(max-width: 724px) 100vw, 724px\" \/><\/figure><div class=\"wp-block-media-text__content\">\n<p><strong>Konu\u015fma: <\/strong>What&#8217;s in a date? October 7, 2023, before and after<\/p>\n\n\n\n<p><strong>Konu\u015fmac\u0131:<\/strong> Prof. Dr. Jeremy Salt<\/p>\n\n\n\n<p><strong>Tarih ve Zaman:<\/strong> 11 Kas\u0131m 2024, Pazartesi, 12:30<br><strong>Yer: <\/strong>A-130<\/p>\n<\/div><\/div>\n\n\n\n<div style=\"height:100px\" aria-hidden=\"true\" class=\"wp-block-spacer\"><\/div>\n\n\n\n<div class=\"wp-block-media-text alignwide is-stacked-on-mobile\" style=\"grid-template-columns:30% auto\"><figure class=\"wp-block-media-text__media\"><img loading=\"lazy\" width=\"724\" height=\"1024\" src=\"https:\/\/pols.bilkent.edu.tr\/wp-content\/uploads\/2024\/10\/WhatsApp-Image-2024-10-15-at-14.26.21-1-724x1024.jpeg\" alt=\"\" class=\"wp-image-3031 size-full\" srcset=\"https:\/\/pols.bilkent.edu.tr\/wp-content\/uploads\/2024\/10\/WhatsApp-Image-2024-10-15-at-14.26.21-1-724x1024.jpeg 724w, https:\/\/pols.bilkent.edu.tr\/wp-content\/uploads\/2024\/10\/WhatsApp-Image-2024-10-15-at-14.26.21-1-212x300.jpeg 212w, https:\/\/pols.bilkent.edu.tr\/wp-content\/uploads\/2024\/10\/WhatsApp-Image-2024-10-15-at-14.26.21-1-768x1086.jpeg 768w, https:\/\/pols.bilkent.edu.tr\/wp-content\/uploads\/2024\/10\/WhatsApp-Image-2024-10-15-at-14.26.21-1-1086x1536.jpeg 1086w, https:\/\/pols.bilkent.edu.tr\/wp-content\/uploads\/2024\/10\/WhatsApp-Image-2024-10-15-at-14.26.21-1-39x55.jpeg 39w, https:\/\/pols.bilkent.edu.tr\/wp-content\/uploads\/2024\/10\/WhatsApp-Image-2024-10-15-at-14.26.21-1-800x1132.jpeg 800w, https:\/\/pols.bilkent.edu.tr\/wp-content\/uploads\/2024\/10\/WhatsApp-Image-2024-10-15-at-14.26.21-1-580x821.jpeg 580w, https:\/\/pols.bilkent.edu.tr\/wp-content\/uploads\/2024\/10\/WhatsApp-Image-2024-10-15-at-14.26.21-1.jpeg 1131w\" sizes=\"(max-width: 724px) 100vw, 724px\" \/><\/figure><div class=\"wp-block-media-text__content\">\n<p><strong>Konu\u015fma: <\/strong>Veriler I\u015f\u0131\u011f\u0131nda T\u00fcrkiye&#8217;de Cinsiyet E\u015fitsizli\u011fi ve Kad\u0131n Cinayetleri<\/p>\n\n\n\n<p><strong>Konu\u015fmac\u0131:<\/strong> Tuana Gen\u00e7er (Kad\u0131n Cinayetlerini Durduraca\u011f\u0131z Platformu Ankara Temsilcisi)<\/p>\n\n\n\n<p><strong>Tarih ve Zaman:<\/strong> 17 Ekim 2024, Per\u015fembe, 12:30<br><strong>Yer: <\/strong>C Blok Amfi<\/p>\n<\/div><\/div>\n\n\n\n<div style=\"height:100px\" aria-hidden=\"true\" class=\"wp-block-spacer\"><\/div>\n\n\n\n<div class=\"wp-block-media-text alignwide is-stacked-on-mobile\" style=\"grid-template-columns:30% auto\"><figure class=\"wp-block-media-text__media\"><img loading=\"lazy\" width=\"724\" height=\"1024\" src=\"https:\/\/pols.bilkent.edu.tr\/wp-content\/uploads\/2024\/03\/sabancioglu.poster-724x1024.jpeg\" alt=\"\" class=\"wp-image-2711 size-full\" srcset=\"https:\/\/pols.bilkent.edu.tr\/wp-content\/uploads\/2024\/03\/sabancioglu.poster-724x1024.jpeg 724w, https:\/\/pols.bilkent.edu.tr\/wp-content\/uploads\/2024\/03\/sabancioglu.poster-212x300.jpeg 212w, https:\/\/pols.bilkent.edu.tr\/wp-content\/uploads\/2024\/03\/sabancioglu.poster-768x1086.jpeg 768w, https:\/\/pols.bilkent.edu.tr\/wp-content\/uploads\/2024\/03\/sabancioglu.poster-1086x1536.jpeg 1086w, https:\/\/pols.bilkent.edu.tr\/wp-content\/uploads\/2024\/03\/sabancioglu.poster-39x55.jpeg 39w, https:\/\/pols.bilkent.edu.tr\/wp-content\/uploads\/2024\/03\/sabancioglu.poster-800x1132.jpeg 800w, https:\/\/pols.bilkent.edu.tr\/wp-content\/uploads\/2024\/03\/sabancioglu.poster-580x821.jpeg 580w, https:\/\/pols.bilkent.edu.tr\/wp-content\/uploads\/2024\/03\/sabancioglu.poster.jpeg 1131w\" sizes=\"(max-width: 724px) 100vw, 724px\" \/><\/figure><div class=\"wp-block-media-text__content\">\n<p><strong>Konu\u015fma: <\/strong>Sahada: Cumhuriyetin Harc\u0131nda Bilim ve Kad\u0131nlar<\/p>\n\n\n\n<p><strong>Konu\u015fmac\u0131:<\/strong> M\u00fcsemma Sabanc\u0131o\u011flu, Sarka\u00e7 (Bilim Akademisi) Sosyal Bilimler Edit\u00f6r\u00fc<\/p>\n\n\n\n<p><strong>Tarih ve Zaman:<\/strong> 13 Mart 2024, \u00c7ar\u015famba, 12:30<br><strong>Yer: <\/strong>Bilkent \u00dcniversitesi K\u00fct\u00fcphanesi Sanat Galerisi<\/p>\n<\/div><\/div>\n","protected":false},"excerpt":{"rendered":"<p>Konu\u015fma: Cumhuriyetin Y\u00fcz\u00fcnc\u00fc Y\u0131l\u0131nda Kamu Politikas\u0131 Kapasitesi: ABGS&#8217;den AB Ba\u015fkanl\u0131\u011f\u0131na Konu\u015fmac\u0131: Ege Erko\u00e7ak, D\u0131\u015fi\u015fleri Bakanl\u0131\u011f\u0131 Avrupa Birli\u011fi ile \u0130li\u015fkiler Genel M\u00fcd\u00fcrl\u00fc\u011f\u00fc Tarih &amp; Zaman: 23 Ekim 2025, 12:30Yer: A-129B Konu\u015fma: ABD Se\u00e7imlerinden Ne \u00d6\u011frendik? Konu\u015fmac\u0131lar: Ersel Ayd\u0131nl\u0131, \u00d6zg\u00fcr \u00d6zdamar, Ioannis Grigoriadis, Meral U\u011fur \u00c7\u0131nar, Se\u00e7kin K\u00f6stem, Kerem Y\u0131ld\u0131r\u0131m Tarih ve [\u2026] <\/p>\n<div class=\"clear\"><\/div>\n<p><a class=\"more_link clearfix\" href=\"https:\/\/pols.bilkent.edu.tr\/index.php\/tr\/pols-agora\/\" rel=\"nofollow\">Read More<\/a><\/p>\n","protected":false},"author":1,"featured_media":0,"parent":0,"menu_order":0,"comment_status":"closed","ping_status":"closed","template":"","meta":[],"_links":{"self":[{"href":"https:\/\/pols.bilkent.edu.tr\/index.php\/wp-json\/wp\/v2\/pages\/2710"}],"collection":[{"href":"https:\/\/pols.bilkent.edu.tr\/index.php\/wp-json\/wp\/v2\/pages"}],"about":[{"href":"https:\/\/pols.bilkent.edu.tr\/index.php\/wp-json\/wp\/v2\/types\/page"}],"author":[{"embeddable":true,"href":"https:\/\/pols.bilkent.edu.tr\/index.php\/wp-json\/wp\/v2\/users\/1"}],"replies":[{"embeddable":true,"href":"https:\/\/pols.bilkent.edu.tr\/index.php\/wp-json\/wp\/v2\/comments?post=2710"}],"version-history":[{"count":8,"href":"https:\/\/pols.bilkent.edu.tr\/index.php\/wp-json\/wp\/v2\/pages\/2710\/revisions"}],"predecessor-version":[{"id":3868,"href":"https:\/\/pols.bilkent.edu.tr\/index.php\/wp-json\/wp\/v2\/pages\/2710\/revisions\/3868"}],"wp:attachment":[{"href":"https:\/\/pols.bilkent.edu.tr\/index.php\/wp-json\/wp\/v2\/media?parent=2710"}],"curies":[{"name":"wp","href":"https:\/\/api.w.org\/{rel}","templated":true}]}}