{"id":2651,"date":"2024-02-27T16:42:03","date_gmt":"2024-02-27T13:42:03","guid":{"rendered":"https:\/\/pols.bilkent.edu.tr\/?page_id=2651"},"modified":"2025-05-08T14:50:56","modified_gmt":"2025-05-08T11:50:56","slug":"bilkent-pols-professional-development-trainings","status":"publish","type":"page","link":"https:\/\/pols.bilkent.edu.tr\/index.php\/bilkent-pols-professional-development-trainings\/","title":{"rendered":"Bilkent POLS Professional Development Trainings"},"content":{"rendered":"\n<div class=\"wp-block-media-text alignwide is-stacked-on-mobile\" style=\"grid-template-columns:30% auto\"><figure class=\"wp-block-media-text__media\"><img loading=\"lazy\" width=\"724\" height=\"1024\" src=\"https:\/\/pols.bilkent.edu.tr\/wp-content\/uploads\/2024\/12\/Pols-Talks-Banner-Applied-Journalism-in-Political-Science-2-724x1024.jpg\" alt=\"\" class=\"wp-image-3253 size-full\" srcset=\"https:\/\/pols.bilkent.edu.tr\/wp-content\/uploads\/2024\/12\/Pols-Talks-Banner-Applied-Journalism-in-Political-Science-2-724x1024.jpg 724w, https:\/\/pols.bilkent.edu.tr\/wp-content\/uploads\/2024\/12\/Pols-Talks-Banner-Applied-Journalism-in-Political-Science-2-212x300.jpg 212w, https:\/\/pols.bilkent.edu.tr\/wp-content\/uploads\/2024\/12\/Pols-Talks-Banner-Applied-Journalism-in-Political-Science-2-768x1087.jpg 768w, https:\/\/pols.bilkent.edu.tr\/wp-content\/uploads\/2024\/12\/Pols-Talks-Banner-Applied-Journalism-in-Political-Science-2-39x55.jpg 39w, https:\/\/pols.bilkent.edu.tr\/wp-content\/uploads\/2024\/12\/Pols-Talks-Banner-Applied-Journalism-in-Political-Science-2-800x1132.jpg 800w, https:\/\/pols.bilkent.edu.tr\/wp-content\/uploads\/2024\/12\/Pols-Talks-Banner-Applied-Journalism-in-Political-Science-2-580x821.jpg 580w, https:\/\/pols.bilkent.edu.tr\/wp-content\/uploads\/2024\/12\/Pols-Talks-Banner-Applied-Journalism-in-Political-Science-2.jpg 1050w\" sizes=\"(max-width: 724px) 100vw, 724px\" \/><\/figure><div class=\"wp-block-media-text__content\">\n<p><strong>Training<\/strong>:<strong> <\/strong><a href=\"https:\/\/pols.bilkent.edu.tr\/index.php\/2024\/11\/30\/pols-professional-development-training-applied-journalism-in-political-science\/\" data-type=\"URL\" data-id=\"https:\/\/pols.bilkent.edu.tr\/index.php\/2024\/11\/30\/pols-professional-development-training-applied-journalism-in-political-science\/\" target=\"_blank\" rel=\"noreferrer noopener\">APPLIED JOURNALISM IN POLITICAL SCIENCE<\/a><\/p>\n\n\n\n<p><strong>Date:<\/strong> 26 November &#8211; 17 December, Tuesdays 18.00 &#8211; 20.00<\/p>\n\n\n\n<p><strong>Place<\/strong>: AZ25<\/p>\n<\/div><\/div>\n\n\n\n<div style=\"height:49px\" aria-hidden=\"true\" class=\"wp-block-spacer\"><\/div>\n\n\n\n<div class=\"wp-block-media-text alignwide is-stacked-on-mobile\" style=\"grid-template-columns:30% auto\"><figure class=\"wp-block-media-text__media\"><img loading=\"lazy\" width=\"724\" height=\"1024\" src=\"https:\/\/pols.bilkent.edu.tr\/wp-content\/uploads\/2025\/05\/Pols-Talks-Banner-Conducting-Survey-Experiments-724x1024.jpg\" alt=\"\" class=\"wp-image-3452 size-full\" srcset=\"https:\/\/pols.bilkent.edu.tr\/wp-content\/uploads\/2025\/05\/Pols-Talks-Banner-Conducting-Survey-Experiments-724x1024.jpg 724w, https:\/\/pols.bilkent.edu.tr\/wp-content\/uploads\/2025\/05\/Pols-Talks-Banner-Conducting-Survey-Experiments-212x300.jpg 212w, https:\/\/pols.bilkent.edu.tr\/wp-content\/uploads\/2025\/05\/Pols-Talks-Banner-Conducting-Survey-Experiments-768x1087.jpg 768w, https:\/\/pols.bilkent.edu.tr\/wp-content\/uploads\/2025\/05\/Pols-Talks-Banner-Conducting-Survey-Experiments-39x55.jpg 39w, https:\/\/pols.bilkent.edu.tr\/wp-content\/uploads\/2025\/05\/Pols-Talks-Banner-Conducting-Survey-Experiments-800x1132.jpg 800w, https:\/\/pols.bilkent.edu.tr\/wp-content\/uploads\/2025\/05\/Pols-Talks-Banner-Conducting-Survey-Experiments-580x821.jpg 580w, https:\/\/pols.bilkent.edu.tr\/wp-content\/uploads\/2025\/05\/Pols-Talks-Banner-Conducting-Survey-Experiments.jpg 1050w\" sizes=\"(max-width: 724px) 100vw, 724px\" \/><\/figure><div class=\"wp-block-media-text__content\">\n<p><strong>Training: <\/strong>Conducting Survey Experiments \u2013 A Summer Workshop<\/p>\n\n\n\n<p><strong>Date<\/strong>: 24-28 June 2024<\/p>\n\n\n\n<p><strong>Place<\/strong>: A-130<\/p>\n<\/div><\/div>\n\n\n\n<div style=\"height:49px\" aria-hidden=\"true\" class=\"wp-block-spacer\"><\/div>\n\n\n\n<div class=\"wp-block-media-text alignwide is-stacked-on-mobile\" style=\"grid-template-columns:30% auto\"><figure class=\"wp-block-media-text__media\"><img loading=\"lazy\" width=\"724\" height=\"1024\" src=\"https:\/\/pols.bilkent.edu.tr\/wp-content\/uploads\/2024\/11\/Pols-Talks-Banner-Project-Cycle-Managment-724x1024.jpg\" alt=\"\" class=\"wp-image-3143 size-full\" srcset=\"https:\/\/pols.bilkent.edu.tr\/wp-content\/uploads\/2024\/11\/Pols-Talks-Banner-Project-Cycle-Managment-724x1024.jpg 724w, https:\/\/pols.bilkent.edu.tr\/wp-content\/uploads\/2024\/11\/Pols-Talks-Banner-Project-Cycle-Managment-212x300.jpg 212w, https:\/\/pols.bilkent.edu.tr\/wp-content\/uploads\/2024\/11\/Pols-Talks-Banner-Project-Cycle-Managment-768x1087.jpg 768w, https:\/\/pols.bilkent.edu.tr\/wp-content\/uploads\/2024\/11\/Pols-Talks-Banner-Project-Cycle-Managment-39x55.jpg 39w, https:\/\/pols.bilkent.edu.tr\/wp-content\/uploads\/2024\/11\/Pols-Talks-Banner-Project-Cycle-Managment-800x1132.jpg 800w, https:\/\/pols.bilkent.edu.tr\/wp-content\/uploads\/2024\/11\/Pols-Talks-Banner-Project-Cycle-Managment-580x821.jpg 580w, https:\/\/pols.bilkent.edu.tr\/wp-content\/uploads\/2024\/11\/Pols-Talks-Banner-Project-Cycle-Managment.jpg 1050w\" sizes=\"(max-width: 724px) 100vw, 724px\" \/><\/figure><div class=\"wp-block-media-text__content\">\n<p><strong>Training<\/strong>: Proje D\u00f6ng\u00fcs\u00fc Y\u00f6netimi (PCM) ve Proje Haz\u0131rl\u0131\u011f\u0131 E\u011fitimi<\/p>\n\n\n\n<p><strong>Date<\/strong>: 4-7 September 2023<\/p>\n\n\n\n<p><strong>Place<\/strong>: FEASS Building<\/p>\n<\/div><\/div>\n","protected":false},"excerpt":{"rendered":"<p>Training: APPLIED JOURNALISM IN POLITICAL SCIENCE Date: 26 November &#8211; 17 December, Tuesdays 18.00 &#8211; 20.00 Place: AZ25 Training: Conducting Survey Experiments \u2013 A Summer Workshop Date: 24-28 June 2024 Place: A-130 Training: Proje D\u00f6ng\u00fcs\u00fc Y\u00f6netimi (PCM) ve Proje Haz\u0131rl\u0131\u011f\u0131 E\u011fitimi Date: 4-7 September 2023 Place: FEASS Building<\/p>\n","protected":false},"author":1,"featured_media":0,"parent":0,"menu_order":0,"comment_status":"closed","ping_status":"closed","template":"","meta":[],"_links":{"self":[{"href":"https:\/\/pols.bilkent.edu.tr\/index.php\/wp-json\/wp\/v2\/pages\/2651"}],"collection":[{"href":"https:\/\/pols.bilkent.edu.tr\/index.php\/wp-json\/wp\/v2\/pages"}],"about":[{"href":"https:\/\/pols.bilkent.edu.tr\/index.php\/wp-json\/wp\/v2\/types\/page"}],"author":[{"embeddable":true,"href":"https:\/\/pols.bilkent.edu.tr\/index.php\/wp-json\/wp\/v2\/users\/1"}],"replies":[{"embeddable":true,"href":"https:\/\/pols.bilkent.edu.tr\/index.php\/wp-json\/wp\/v2\/comments?post=2651"}],"version-history":[{"count":6,"href":"https:\/\/pols.bilkent.edu.tr\/index.php\/wp-json\/wp\/v2\/pages\/2651\/revisions"}],"predecessor-version":[{"id":3454,"href":"https:\/\/pols.bilkent.edu.tr\/index.php\/wp-json\/wp\/v2\/pages\/2651\/revisions\/3454"}],"wp:attachment":[{"href":"https:\/\/pols.bilkent.edu.tr\/index.php\/wp-json\/wp\/v2\/media?parent=2651"}],"curies":[{"name":"wp","href":"https:\/\/api.w.org\/{rel}","templated":true}]}}