{"id":263,"date":"2022-07-19T22:36:04","date_gmt":"2022-07-19T22:36:04","guid":{"rendered":"https:\/\/pols.bilkent.edu.tr\/?page_id=263"},"modified":"2026-01-14T17:03:45","modified_gmt":"2026-01-14T14:03:45","slug":"master-of-arts-ma","status":"publish","type":"page","link":"https:\/\/pols.bilkent.edu.tr\/index.php\/master-of-arts-ma\/","title":{"rendered":"Master of Arts (M.A.)"},"content":{"rendered":"\n<p>The MA Program in Political Science aims to equip students with the knowledge and research skills necessary for research careers at academic institutions as well as research-intensive careers in the public sector, private sector, and civil society organizations. Bilkent POLS MA has a stellar reputation among leading universities worldwide and offers students a launch pad for advancing their research careers. Graduates placed in Ph.D. programs find the MA Program to be an excellent preparation for further studies. Many others who take up research-intensive positions in international organizations, government agencies, and private sector companies report that the research skills they acquired in the Program are unmatched.&nbsp;<\/p>\n\n\n\n<p>The standard MA curriculum commences with a full year of coursework. These courses aim to equip students with substantive knowledge in the discipline of Political Science as anchored in the Social Sciences and diverse methodological skills. Upon successfully completing, students begin to work on their theses. All candidates for the MA in Political Science must complete their degree in three years.<\/p>\n\n\n\n<p>The Department strives to support all MA students with full tuition waivers and research assistantships. Some students may receive additional funding through research assistantships funded by external institutions such as T\u00dcB\u0130TAK.<\/p>\n\n\n\n<p>When writing their theses, students receive individual attention from their supervisors. Some students also receive training-through-research as they collaborate with faculty members in research projects funded by external institutions such as T\u00dcB\u0130TAK. This intensive research experience prepares MA candidates for Ph.D. programs where they further their academic training or for careers in the public sector, private sector, international organizations, or civil society institutions where they carry out research-oriented tasks. Ideal candidates who would benefit most from the MA program are successful students who are highly motivated to advance their professional, technical, and methodological skills in Political Science. We evaluate applicants based on their research interests and curiosities, communication skills, and academic preparation, as evident in ALES\/GRE scores, writing samples, transcripts, and letters of recommendation. We give careful attention to the motivation and preparation of each applicant and aim at a holistic assessment of skills and competencies.<\/p>\n\n\n\n<div style=\"height:53px\" aria-hidden=\"true\" class=\"wp-block-spacer\"><\/div>\n\n\n\n<h2>The Curriculum<\/h2>\n\n\n\n<figure class=\"wp-block-table\"><table><thead><tr><th class=\"has-text-align-left\" data-align=\"left\">Course Code<\/th><th class=\"has-text-align-left\" data-align=\"left\">Course Name<\/th><\/tr><\/thead><tbody><tr><td class=\"has-text-align-left\" data-align=\"left\">GE 500<\/td><td class=\"has-text-align-left\" data-align=\"left\">Research Methods and Academic Publication Ethics<\/td><\/tr><tr><td class=\"has-text-align-left\" data-align=\"left\">GE 590<\/td><td class=\"has-text-align-left\" data-align=\"left\">Academic Practices<\/td><\/tr><tr><td class=\"has-text-align-left\" data-align=\"left\">GE 551<\/td><td class=\"has-text-align-left\" data-align=\"left\">Pre-Thesis Seminar I<\/td><\/tr><tr><td class=\"has-text-align-left\" data-align=\"left\">POLS 599<\/td><td class=\"has-text-align-left\" data-align=\"left\">Master&#8217;s Thesis<\/td><\/tr><tr><td class=\"has-text-align-left\" data-align=\"left\"><\/td><td class=\"has-text-align-left\" data-align=\"left\">Research Methods Elective<\/td><\/tr><tr><td class=\"has-text-align-left\" data-align=\"left\"><\/td><td class=\"has-text-align-left\" data-align=\"left\">Restricted Electives (3)<\/td><\/tr><tr><td class=\"has-text-align-left\" data-align=\"left\"><\/td><td class=\"has-text-align-left\" data-align=\"left\">Specialization Elective<\/td><\/tr><tr><td class=\"has-text-align-left\" data-align=\"left\"><\/td><td class=\"has-text-align-left\" data-align=\"left\">Unrestricted Electives (3)<\/td><\/tr><\/tbody><\/table><\/figure>\n\n\n\n<div style=\"height:100px\" aria-hidden=\"true\" class=\"wp-block-spacer\"><\/div>\n\n\n\n<h2>Apply to the M.A. Program<\/h2>\n\n\n\n<p><strong>Program Information:<\/strong>&nbsp;<a rel=\"noreferrer noopener\" href=\"http:\/\/catalog.bilkent.edu.tr\/current\/dep\/d34.html\" target=\"_blank\">Please follow the link<\/a>.<\/p>\n\n\n\n<p><strong>Online Application<\/strong>: Please submit an online application <a href=\"https:\/\/stars.bilkent.edu.tr\/gradapp\/\">here<\/a>.<\/p>\n\n\n\n<p><strong>Requirements<\/strong>: These are the minimum necessary scores for applying to the Political Science Master of Arts (M.A.) program.<\/p>\n\n\n\n<hr class=\"wp-block-separator has-alpha-channel-opacity\"\/>\n\n\n\n<p><strong>CGPA:<\/strong> 2.75\/4.00<\/p>\n\n\n\n<hr class=\"wp-block-separator has-alpha-channel-opacity\"\/>\n\n\n\n<p><strong>GRE:<\/strong>&nbsp;302 (verbal and quantitative total + minimum 4.0 analytical)<\/p>\n\n\n\n<hr class=\"wp-block-separator has-alpha-channel-opacity\"\/>\n\n\n\n<div class=\"wp-container-1 wp-block-group\"><div class=\"wp-block-group__inner-container\">\n<p><strong>ALES:<\/strong> 65 (equally-weighted)<\/p>\n\n\n\n<p><strong><em>Important<\/em> <em>Note<\/em>: <\/strong><em>Citizens of Turkey should provide ALES score. Applicants who are not citizens of Turkey should take GRE. ALES scores are valid for 5 years<\/em>.<\/p>\n\n\n\n<hr class=\"wp-block-separator has-alpha-channel-opacity\"\/>\n\n\n\n<p><strong>English Proficiency:<\/strong> At least one of the requirements below<\/p>\n<\/div><\/div>\n\n\n\n<ul id=\"block-f16601be-9b3a-43e4-9cb3-4ee840cac01c\"><li>TOEFL IBT (at least 87)<\/li><li>IELTS (at least 6.5 average and 5.5 from each section)<\/li><li>Bilkent PAE (at least C)<\/li><\/ul>\n\n\n\n<p><strong><em>Important considerations:<\/em><\/strong><\/p>\n\n\n\n<ul><li>Validity period for all exams is 2 years.<\/li><li>Citizens of Turkey must take the TOEFL IBT exam at one of the test centers in public universities (Y\u00d6K requirement).<\/li><li>If you submit IELTS or Bilkent English Proficiency Exam (PAE) results and you are applying&nbsp;for a PhD program, you also need to satisfy the foreign language requirement as imposed by&nbsp;the Inter-Universities Board (\u00dcAK) of Turkey. In that case, a minimum score of 55 from YDS,&nbsp;E-YDS, e-Y\u00d6KD\u0130L, Y\u00d6KD\u0130L or its equivalents as listed by the Board, in a language other than&nbsp;the mother tongue must be submitted.<\/li><li>TOEFL IBT \u201cComputer-based\u201d test results will be accepted.<\/li><li>TOEFL IBT \u201cOnline test taken at home (Home Edition)\u201d and \u201cmy best score\u201d test results&nbsp;will not be&nbsp;accepted.<\/li><li>IELTS Academic \u201cComputer-based and paper-based\u201d test results will be accepted.<\/li><li>IELTS Academic \u201cOSR (One Skill Retake)\u201d exam&nbsp;will not be&nbsp;accepted.<\/li><\/ul>\n\n\n\n<hr class=\"wp-block-separator has-alpha-channel-opacity\"\/>\n\n\n\n<p><strong>Proof of Degree:<\/strong> Undergraduate degree<\/p>\n\n\n\n<hr class=\"wp-block-separator has-alpha-channel-opacity\"\/>\n\n\n\n<p><strong>Transcripts:&nbsp;<\/strong>Undergraduate transcripts<\/p>\n\n\n\n<hr class=\"wp-block-separator has-alpha-channel-opacity\"\/>\n\n\n\n<p><strong>Statement of Purpose:<\/strong> 500 words max.&nbsp;(reasons for applying to M.A., research and career interests)<\/p>\n\n\n\n<hr class=\"wp-block-separator has-alpha-channel-opacity\"\/>\n\n\n\n<p><strong>Letter of Recommendation:<\/strong> 3 Letters of recommendation to be submitted online by the referees<\/p>\n\n\n\n<hr class=\"wp-block-separator has-alpha-channel-opacity\"\/>\n\n\n\n<p><strong>Other:<\/strong> A writing sample<\/p>\n\n\n\n<hr class=\"wp-block-separator has-alpha-channel-opacity\"\/>\n\n\n\n<p><strong>Application Deadline:<\/strong> 15 May 2026<\/p>\n\n\n\n<hr class=\"wp-block-separator has-alpha-channel-opacity\"\/>\n\n\n\n<p><strong>Date of Interview:<\/strong> 12-13 June 2026<\/p>\n\n\n\n<hr class=\"wp-block-separator has-alpha-channel-opacity\"\/>\n\n\n\n<p><strong>IMPORTANT NOTE:&nbsp;<\/strong>Incomplete applications will not be considered (At the time of application, the applicant should upload ALES or GRE scores or relevant exam application documents).<\/p>\n\n\n\n<p>This year\u2019s ALES exam will take place on May 10, and results are scheduled to be announced&nbsp;by June 5. Please ensure that you take the exam and forward your official \u00d6SYM result&nbsp;document to the department\u2019s application email at&nbsp;<a href=\"mailto:polsgrad@bilkent.edu.tr\">polsgrad@bilkent.edu.tr<\/a>&nbsp;no later than&nbsp;June 7. Invitations for interviews will be sent by June 9 with short notice, so we ask that you&nbsp;plan your schedule accordingly to ensure your availability.<\/p>\n\n\n\n<hr class=\"wp-block-separator has-alpha-channel-opacity\"\/>\n\n\n\n<p><strong>Contact:<\/strong><br>DGS\u00a0\u00a0\u00a0 Kerem Y\u0131ld\u0131r\u0131m<br>E-mail:\u00a0<a href=\"mailto:polsgrad@bilkent.edu.tr\">polsgrad@bilkent.edu.tr<\/a><br>Phone: +90 312 290 1339<br>Fax: +90 312 290 2742<\/p>\n\n\n\n<p><strong>Address<\/strong>:<br>Department of Political Science and Public Administration<br>Bilkent University<br>Main Campus<br>Room: T-370<br>Bilkent \/ \u00c7ankaya \/ ANKARA<\/p>\n","protected":false},"excerpt":{"rendered":"<p>The MA Program in Political Science aims to equip students with the knowledge and research skills necessary for research careers at academic institutions as well as research-intensive careers in the public sector, private sector, and civil society organizations. Bilkent POLS MA has a stellar reputation among leading universities worldwide and [\u2026] <\/p>\n<div class=\"clear\"><\/div>\n<p><a class=\"more_link clearfix\" href=\"https:\/\/pols.bilkent.edu.tr\/index.php\/master-of-arts-ma\/\" rel=\"nofollow\">Read More<\/a><\/p>\n","protected":false},"author":1,"featured_media":0,"parent":0,"menu_order":1,"comment_status":"closed","ping_status":"closed","template":"","meta":[],"_links":{"self":[{"href":"https:\/\/pols.bilkent.edu.tr\/index.php\/wp-json\/wp\/v2\/pages\/263"}],"collection":[{"href":"https:\/\/pols.bilkent.edu.tr\/index.php\/wp-json\/wp\/v2\/pages"}],"about":[{"href":"https:\/\/pols.bilkent.edu.tr\/index.php\/wp-json\/wp\/v2\/types\/page"}],"author":[{"embeddable":true,"href":"https:\/\/pols.bilkent.edu.tr\/index.php\/wp-json\/wp\/v2\/users\/1"}],"replies":[{"embeddable":true,"href":"https:\/\/pols.bilkent.edu.tr\/index.php\/wp-json\/wp\/v2\/comments?post=263"}],"version-history":[{"count":32,"href":"https:\/\/pols.bilkent.edu.tr\/index.php\/wp-json\/wp\/v2\/pages\/263\/revisions"}],"predecessor-version":[{"id":4014,"href":"https:\/\/pols.bilkent.edu.tr\/index.php\/wp-json\/wp\/v2\/pages\/263\/revisions\/4014"}],"wp:attachment":[{"href":"https:\/\/pols.bilkent.edu.tr\/index.php\/wp-json\/wp\/v2\/media?parent=263"}],"curies":[{"name":"wp","href":"https:\/\/api.w.org\/{rel}","templated":true}]}}