{"id":2347,"date":"2023-10-31T09:54:43","date_gmt":"2023-10-31T06:54:43","guid":{"rendered":"https:\/\/pols.bilkent.edu.tr\/?page_id=2347"},"modified":"2026-03-30T16:19:56","modified_gmt":"2026-03-30T13:19:56","slug":"pols-grad-talks-2","status":"publish","type":"page","link":"https:\/\/pols.bilkent.edu.tr\/index.php\/tr\/pols-grad-talks-2\/","title":{"rendered":"Lisans\u00fcst\u00fc \u00d6\u011fle Seminerleri"},"content":{"rendered":"\n<div class=\"wp-block-media-text alignwide is-stacked-on-mobile\" style=\"grid-template-columns:30% auto\"><figure class=\"wp-block-media-text__media\"><img loading=\"lazy\" width=\"1024\" height=\"1024\" src=\"https:\/\/pols.bilkent.edu.tr\/wp-content\/uploads\/2026\/03\/WhatsApp-Image-2026-03-30-at-14.47.34-1-1024x1024.jpeg\" alt=\"\" class=\"wp-image-4373 size-full\" srcset=\"https:\/\/pols.bilkent.edu.tr\/wp-content\/uploads\/2026\/03\/WhatsApp-Image-2026-03-30-at-14.47.34-1-1024x1024.jpeg 1024w, https:\/\/pols.bilkent.edu.tr\/wp-content\/uploads\/2026\/03\/WhatsApp-Image-2026-03-30-at-14.47.34-1-300x300.jpeg 300w, https:\/\/pols.bilkent.edu.tr\/wp-content\/uploads\/2026\/03\/WhatsApp-Image-2026-03-30-at-14.47.34-1-150x150.jpeg 150w, https:\/\/pols.bilkent.edu.tr\/wp-content\/uploads\/2026\/03\/WhatsApp-Image-2026-03-30-at-14.47.34-1-768x768.jpeg 768w, https:\/\/pols.bilkent.edu.tr\/wp-content\/uploads\/2026\/03\/WhatsApp-Image-2026-03-30-at-14.47.34-1-55x55.jpeg 55w, https:\/\/pols.bilkent.edu.tr\/wp-content\/uploads\/2026\/03\/WhatsApp-Image-2026-03-30-at-14.47.34-1-800x800.jpeg 800w, https:\/\/pols.bilkent.edu.tr\/wp-content\/uploads\/2026\/03\/WhatsApp-Image-2026-03-30-at-14.47.34-1-580x580.jpeg 580w, https:\/\/pols.bilkent.edu.tr\/wp-content\/uploads\/2026\/03\/WhatsApp-Image-2026-03-30-at-14.47.34-1.jpeg 1080w\" sizes=\"(max-width: 1024px) 100vw, 1024px\" \/><\/figure><div class=\"wp-block-media-text__content\">\n<p><strong>Konu\u015fma<\/strong>: Gendered Institutions and Women&#8217;s Representation in Bureaucracy: A Feminist Institutionalist Analysis of Two Ministries in Turkey<\/p>\n\n\n\n<p><strong>Konu\u015fmac\u0131<\/strong>: Ay\u015fenaz F\u0131nd\u0131k<br><strong>Tart\u0131\u015fmac\u0131<\/strong>: Cansu \u00c7etinta\u015f <\/p>\n\n\n\n<p><strong>Tarih &amp; Saat<\/strong>: 1 Nisan 2026, 12.30<br><strong>Yer<\/strong>: A-129B<\/p>\n<\/div><\/div>\n\n\n\n<div style=\"height:100px\" aria-hidden=\"true\" class=\"wp-block-spacer\"><\/div>\n\n\n\n<div class=\"wp-block-media-text alignwide is-stacked-on-mobile\" style=\"grid-template-columns:30% auto\"><figure class=\"wp-block-media-text__media\"><img loading=\"lazy\" width=\"1024\" height=\"1024\" src=\"https:\/\/pols.bilkent.edu.tr\/wp-content\/uploads\/2026\/03\/POLS-Graduate-Students-Brown-Bag-Series-1024x1024.png\" alt=\"\" class=\"wp-image-4337 size-full\" srcset=\"https:\/\/pols.bilkent.edu.tr\/wp-content\/uploads\/2026\/03\/POLS-Graduate-Students-Brown-Bag-Series-1024x1024.png 1024w, https:\/\/pols.bilkent.edu.tr\/wp-content\/uploads\/2026\/03\/POLS-Graduate-Students-Brown-Bag-Series-300x300.png 300w, https:\/\/pols.bilkent.edu.tr\/wp-content\/uploads\/2026\/03\/POLS-Graduate-Students-Brown-Bag-Series-150x150.png 150w, https:\/\/pols.bilkent.edu.tr\/wp-content\/uploads\/2026\/03\/POLS-Graduate-Students-Brown-Bag-Series-768x768.png 768w, https:\/\/pols.bilkent.edu.tr\/wp-content\/uploads\/2026\/03\/POLS-Graduate-Students-Brown-Bag-Series-55x55.png 55w, https:\/\/pols.bilkent.edu.tr\/wp-content\/uploads\/2026\/03\/POLS-Graduate-Students-Brown-Bag-Series-800x800.png 800w, https:\/\/pols.bilkent.edu.tr\/wp-content\/uploads\/2026\/03\/POLS-Graduate-Students-Brown-Bag-Series-580x580.png 580w, https:\/\/pols.bilkent.edu.tr\/wp-content\/uploads\/2026\/03\/POLS-Graduate-Students-Brown-Bag-Series.png 1080w\" sizes=\"(max-width: 1024px) 100vw, 1024px\" \/><\/figure><div class=\"wp-block-media-text__content\">\n<p><strong>Konu\u015fma<\/strong>: Reconsidering the Relationship Between Populism and Democracy: Evidence on Competin Populisms from Turkey and Beyond<\/p>\n\n\n\n<p><strong>Konu\u015fmac\u0131<\/strong>: Cemre Kara\u00e7al\u0131k<br><strong>Tart\u0131\u015fmac\u0131<\/strong>: T\u00fcmay G\u00fcll\u00fco\u011flu <\/p>\n\n\n\n<p><strong>Tarih &amp; Saat<\/strong>: 23 Mart 2026, 12.30<br><strong>Yer<\/strong>: A-129B<\/p>\n<\/div><\/div>\n\n\n\n<div style=\"height:100px\" aria-hidden=\"true\" class=\"wp-block-spacer\"><\/div>\n\n\n\n<div class=\"wp-block-media-text alignwide is-stacked-on-mobile\" style=\"grid-template-columns:30% auto\"><figure class=\"wp-block-media-text__media\"><img loading=\"lazy\" width=\"1024\" height=\"1024\" src=\"https:\/\/pols.bilkent.edu.tr\/wp-content\/uploads\/2026\/03\/WhatsApp-Image-2026-01-30-at-16.46.46-1024x1024.jpeg\" alt=\"\" class=\"wp-image-4335 size-full\" srcset=\"https:\/\/pols.bilkent.edu.tr\/wp-content\/uploads\/2026\/03\/WhatsApp-Image-2026-01-30-at-16.46.46-1024x1024.jpeg 1024w, https:\/\/pols.bilkent.edu.tr\/wp-content\/uploads\/2026\/03\/WhatsApp-Image-2026-01-30-at-16.46.46-300x300.jpeg 300w, https:\/\/pols.bilkent.edu.tr\/wp-content\/uploads\/2026\/03\/WhatsApp-Image-2026-01-30-at-16.46.46-150x150.jpeg 150w, https:\/\/pols.bilkent.edu.tr\/wp-content\/uploads\/2026\/03\/WhatsApp-Image-2026-01-30-at-16.46.46-768x768.jpeg 768w, https:\/\/pols.bilkent.edu.tr\/wp-content\/uploads\/2026\/03\/WhatsApp-Image-2026-01-30-at-16.46.46-55x55.jpeg 55w, https:\/\/pols.bilkent.edu.tr\/wp-content\/uploads\/2026\/03\/WhatsApp-Image-2026-01-30-at-16.46.46-800x800.jpeg 800w, https:\/\/pols.bilkent.edu.tr\/wp-content\/uploads\/2026\/03\/WhatsApp-Image-2026-01-30-at-16.46.46-580x580.jpeg 580w, https:\/\/pols.bilkent.edu.tr\/wp-content\/uploads\/2026\/03\/WhatsApp-Image-2026-01-30-at-16.46.46.jpeg 1080w\" sizes=\"(max-width: 1024px) 100vw, 1024px\" \/><\/figure><div class=\"wp-block-media-text__content\">\n<p><strong>Konu\u015fma<\/strong>: Tracking Frames over Time: Longitudinal Dynamics of Frame Competition in the Turkish Parliament<\/p>\n\n\n\n<p><strong>Konu\u015fmac\u0131<\/strong>: Mert U\u011fur<br><strong>Tart\u0131\u015fmac\u0131<\/strong>: Mert K\u0131l\u0131\u00e7 <\/p>\n\n\n\n<p><strong>Tarih &amp; Saat<\/strong>: 4 \u015eubat 2026, 12.30<br><strong>Yer<\/strong>: A-129B<\/p>\n<\/div><\/div>\n\n\n\n<div style=\"height:100px\" aria-hidden=\"true\" class=\"wp-block-spacer\"><\/div>\n\n\n\n<div class=\"wp-block-media-text alignwide is-stacked-on-mobile\" style=\"grid-template-columns:30% auto\"><figure class=\"wp-block-media-text__media\"><img loading=\"lazy\" width=\"723\" height=\"1024\" src=\"https:\/\/pols.bilkent.edu.tr\/wp-content\/uploads\/2023\/10\/atahan-723x1024.jpg\" alt=\"\" class=\"wp-image-2338 size-full\" srcset=\"https:\/\/pols.bilkent.edu.tr\/wp-content\/uploads\/2023\/10\/atahan-723x1024.jpg 723w, https:\/\/pols.bilkent.edu.tr\/wp-content\/uploads\/2023\/10\/atahan-212x300.jpg 212w, https:\/\/pols.bilkent.edu.tr\/wp-content\/uploads\/2023\/10\/atahan-768x1087.jpg 768w, https:\/\/pols.bilkent.edu.tr\/wp-content\/uploads\/2023\/10\/atahan-1085x1536.jpg 1085w, https:\/\/pols.bilkent.edu.tr\/wp-content\/uploads\/2023\/10\/atahan-39x55.jpg 39w, https:\/\/pols.bilkent.edu.tr\/wp-content\/uploads\/2023\/10\/atahan-800x1133.jpg 800w, https:\/\/pols.bilkent.edu.tr\/wp-content\/uploads\/2023\/10\/atahan-580x821.jpg 580w, https:\/\/pols.bilkent.edu.tr\/wp-content\/uploads\/2023\/10\/atahan.jpg 1130w\" sizes=\"(max-width: 723px) 100vw, 723px\" \/><\/figure><div class=\"wp-block-media-text__content\">\n<p><strong>Konu\u015fma:<\/strong> Revisiting T\u00fcrkiye&#8217;s Migration Management Policies through Marxism<\/p>\n\n\n\n<p><strong>Konu\u015fmac\u0131:<\/strong> Atahan Demirkol, Siyaset Bilimi Doktor Aday\u0131, Afyon Kocatepe \u00dcniversitesi<\/p>\n\n\n\n<p><strong>Tarih &amp; Saat:<\/strong> 4 May\u0131s 2023, Per\u015fembe, 12.30.<br><strong>Yer<\/strong>: H-232<\/p>\n<\/div><\/div>\n\n\n\n<div style=\"height:100px\" aria-hidden=\"true\" class=\"wp-block-spacer\"><\/div>\n\n\n\n<div class=\"wp-block-media-text alignwide is-stacked-on-mobile\" style=\"grid-template-columns:30% auto\"><figure class=\"wp-block-media-text__media\"><img loading=\"lazy\" width=\"723\" height=\"1024\" src=\"https:\/\/pols.bilkent.edu.tr\/wp-content\/uploads\/2023\/04\/WhatsApp-Image-2023-04-02-at-20.30.58-723x1024.jpeg\" alt=\"\" class=\"wp-image-2021 size-full\" srcset=\"https:\/\/pols.bilkent.edu.tr\/wp-content\/uploads\/2023\/04\/WhatsApp-Image-2023-04-02-at-20.30.58-723x1024.jpeg 723w, https:\/\/pols.bilkent.edu.tr\/wp-content\/uploads\/2023\/04\/WhatsApp-Image-2023-04-02-at-20.30.58-212x300.jpeg 212w, https:\/\/pols.bilkent.edu.tr\/wp-content\/uploads\/2023\/04\/WhatsApp-Image-2023-04-02-at-20.30.58-768x1087.jpeg 768w, https:\/\/pols.bilkent.edu.tr\/wp-content\/uploads\/2023\/04\/WhatsApp-Image-2023-04-02-at-20.30.58-1085x1536.jpeg 1085w, https:\/\/pols.bilkent.edu.tr\/wp-content\/uploads\/2023\/04\/WhatsApp-Image-2023-04-02-at-20.30.58-39x55.jpeg 39w, https:\/\/pols.bilkent.edu.tr\/wp-content\/uploads\/2023\/04\/WhatsApp-Image-2023-04-02-at-20.30.58-800x1133.jpeg 800w, https:\/\/pols.bilkent.edu.tr\/wp-content\/uploads\/2023\/04\/WhatsApp-Image-2023-04-02-at-20.30.58-580x821.jpeg 580w, https:\/\/pols.bilkent.edu.tr\/wp-content\/uploads\/2023\/04\/WhatsApp-Image-2023-04-02-at-20.30.58.jpeg 1130w\" sizes=\"(max-width: 723px) 100vw, 723px\" \/><\/figure><div class=\"wp-block-media-text__content\">\n<p><strong>Konu\u015fma (1):<\/strong> Ontological (In)security: EU Foreign Policy Narratives on the Russian Invasion of Ukraine<\/p>\n\n\n\n<p><strong><strong>Konu\u015fmac\u0131:<\/strong><\/strong> Lauren Rogers, Siyaset Bilimi ve Uluslararas\u0131 \u0130li\u015fkiler Doktor Aday\u0131, Edinburgh \u00dcniversitesi<\/p>\n\n\n\n<p><strong><strong>Konu\u015fma (2)<\/strong>:<\/strong> Scottish &#8216;Foreign Policy&#8217;?<\/p>\n\n\n\n<p><strong><strong><strong>Konu\u015fmac\u0131:<\/strong><\/strong><\/strong> Alexander Bendix, Siyaset Bilimi ve Uluslararas\u0131 \u0130li\u015fkiler Doktor Aday\u0131, Edinburgh \u00dcniversitesi<\/p>\n\n\n\n<p><strong><strong>Tarih ve &amp; Saat:<\/strong><\/strong> 6 Nisan 2023, Per\u015fembe, 12.30.<br><strong>Yer<\/strong>: Zoom<\/p>\n<\/div><\/div>\n","protected":false},"excerpt":{"rendered":"<p>Konu\u015fma: Gendered Institutions and Women&#8217;s Representation in Bureaucracy: A Feminist Institutionalist Analysis of Two Ministries in Turkey Konu\u015fmac\u0131: Ay\u015fenaz F\u0131nd\u0131kTart\u0131\u015fmac\u0131: Cansu \u00c7etinta\u015f Tarih &amp; Saat: 1 Nisan 2026, 12.30Yer: A-129B Konu\u015fma: Reconsidering the Relationship Between Populism and Democracy: Evidence on Competin Populisms from Turkey and Beyond Konu\u015fmac\u0131: Cemre Kara\u00e7al\u0131kTart\u0131\u015fmac\u0131: T\u00fcmay [\u2026] <\/p>\n<div class=\"clear\"><\/div>\n<p><a class=\"more_link clearfix\" href=\"https:\/\/pols.bilkent.edu.tr\/index.php\/tr\/pols-grad-talks-2\/\" rel=\"nofollow\">Read More<\/a><\/p>\n","protected":false},"author":1,"featured_media":0,"parent":0,"menu_order":0,"comment_status":"closed","ping_status":"closed","template":"","meta":[],"_links":{"self":[{"href":"https:\/\/pols.bilkent.edu.tr\/index.php\/wp-json\/wp\/v2\/pages\/2347"}],"collection":[{"href":"https:\/\/pols.bilkent.edu.tr\/index.php\/wp-json\/wp\/v2\/pages"}],"about":[{"href":"https:\/\/pols.bilkent.edu.tr\/index.php\/wp-json\/wp\/v2\/types\/page"}],"author":[{"embeddable":true,"href":"https:\/\/pols.bilkent.edu.tr\/index.php\/wp-json\/wp\/v2\/users\/1"}],"replies":[{"embeddable":true,"href":"https:\/\/pols.bilkent.edu.tr\/index.php\/wp-json\/wp\/v2\/comments?post=2347"}],"version-history":[{"count":7,"href":"https:\/\/pols.bilkent.edu.tr\/index.php\/wp-json\/wp\/v2\/pages\/2347\/revisions"}],"predecessor-version":[{"id":4376,"href":"https:\/\/pols.bilkent.edu.tr\/index.php\/wp-json\/wp\/v2\/pages\/2347\/revisions\/4376"}],"wp:attachment":[{"href":"https:\/\/pols.bilkent.edu.tr\/index.php\/wp-json\/wp\/v2\/media?parent=2347"}],"curies":[{"name":"wp","href":"https:\/\/api.w.org\/{rel}","templated":true}]}}